{"id":14,"date":"2016-11-14T15:32:57","date_gmt":"2016-11-14T15:32:57","guid":{"rendered":"http:\/\/karacsonyfa-vasar.hu\/?page_id=14"},"modified":"2016-11-14T15:35:11","modified_gmt":"2016-11-14T15:35:11","slug":"gyakran-ismetelt-kerdesek","status":"publish","type":"page","link":"https:\/\/karacsonyfa-vasar.hu\/english\/gyakran-ismetelt-kerdesek\/","title":{"rendered":"Gyakran ism\u00e9telt k\u00e9rd\u00e9sek"},"content":{"rendered":"<h2>Biztosan sz\u00e9p f\u00e1t fognak kisz\u00e1ll\u00edtani?<\/h2>\n<p>Az sz\u00e9ps\u00e9g szubjekt\u00edv dolog, amivel mi is tiszt\u00e1ban vagyunk. \u00c9ppen ez\u00e9rt sz\u00e1ll\u00edtjuk a k\u00edn\u00e1latot a k\u00fcsz\u00f6b\u00e9re! Term\u00e9szetesen vannak olyan krit\u00e9riumok, amelyek minden f\u00e1nkat jellemzik. Ilyenek p\u00e9ld\u00e1ul az eg\u00e9szs\u00e9ges t\u0171levelek, s\u00f6t\u00e9tz\u00f6ld sz\u00edn, szimmetrikus forma. Persze ezen t\u00falmen\u0151en v\u00e1ltozhat az \u00edzl\u00e9s a s\u0171r\u0171s\u00e9get \u00e9s tereb\u00e9lyess\u00e9g\u00e9t illet\u0151en. Hogy ut\u00f3bbi szempontok szerint is megtal\u00e1lja a megfelel\u0151 p\u00e9ld\u00e1nyt, biztos\u00edtjuk v\u00e1s\u00e1rl\u00f3ink sz\u00e1m\u00e1ra a sz\u00fcks\u00e9ges k\u00edn\u00e1latot.<\/p>\n<h2>H\u00e1ny fa k\u00f6z\u00fcl tudok v\u00e1lasztani?<\/h2>\n<p>\u00d6t fa k\u00f6z\u00fcl v\u00e1laszthat, de mi b\u00edzunk benne, hogy m\u00e1r az els\u0151 elnyeri tetsz\u00e9s\u00e9t!<\/p>\n<h2>Mennyibe ker\u00fcl a sz\u00e1ll\u00edt\u00e1s?<\/h2>\n<p>A sz\u00e1ll\u00edt\u00e1s Budapest \u00f6sszes ker\u00fclet\u00e9be ingyenes.<\/p>\n<h2>K\u00e9s\u0151bb is \u00e1tvehetem a kar\u00e1csonyf\u00e1t?<\/h2>\n<p>A megrendel\u00e9st k\u00f6vet\u0151en felh\u00edvjuk \u00e9s r\u00f6gz\u00edtj\u00fck a kisz\u00e1ll\u00edt\u00e1s id\u0151pontj\u00e1t.<br \/>\nEz mindenk\u00e9ppen az \u00d6nnek megfelel\u0151 id\u0151pontban lesz.<\/p>\n<h2>Lehet \u00e1tutal\u00e1ssal vagy bankk\u00e1rty\u00e1val fizetni?<\/h2>\n<p>A k\u00e9szp\u00e9nzes fizet\u00e9si form\u00e1t v\u00e1lasztottuk, mivel nem szeretn\u00e9nk, hogy az \u00fcgyfeleink addig elk\u00f6telezz\u00e9k magukat p\u00e9nz\u00fcgyileg, m\u00edg nincs kiv\u00e1lasztva a megfelel\u0151 kar\u00e1csonyfa. Amint a sz\u00e1ll\u00edt\u00e1s \u00e9s a v\u00e1laszt\u00e1s megt\u00f6rt\u00e9nt fut\u00e1runkn\u00e1l egyenl\u00edtheti ki a sz\u00e1ml\u00e1t. \u00c1tutal\u00e1sra \u00e9s bankk\u00e1rty\u00e1s fizet\u00e9sre nincs lehet\u0151s\u00e9g.<\/p>\n<h2>M\u00e1s m\u00e9retb\u0151l is v\u00e1laszthatok?<\/h2>\n<p>Fut\u00e1runk az \u00d6n \u00e1ltal online megrendelt m\u00e9retekb\u0151l biztosan rendelkezik majd v\u00e1laszt\u00e9kkal.<br \/>\nHa m\u00e9gis meggondolja mag\u00e1t a m\u00e9retet tekintve a koll\u00e9g\u00e1nkn\u00e1l nagy val\u00f3sz\u00edn\u0171s\u00e9ggel m\u00e1s m\u00e9retekb\u0151l is lesz p\u00e9ld\u00e1ny, de erre garanci\u00e1t nem tudunk v\u00e1llalni.<\/p>\n<h2>F\u00e9nyk\u00e9p alapj\u00e1n is v\u00e1laszthatok?<\/h2>\n<p>Nagyon megnehez\u00edten\u00e9 az \u00e1ru nyomon k\u00f6vet\u00e9s\u00e9t\u00a0 a f\u00e9nyk\u00e9pes megold\u00e1s. Tapasztalatunk szerint az a legtiszt\u00e1bb, ha az \u00fcgyf\u00e9l a saj\u00e1t szem\u00e9vel v\u00e1lasztja ki az \u00e1rut. A f\u00e1k egyediek, \u00edgy fontos, hogy mindenki bele tudjon szeretni a leend\u0151 kar\u00e1csonyf\u00e1j\u00e1ba.<br \/>\nAgg\u00f3dni nem kell, r\u00e1 fog tal\u00e1lni a megfelel\u0151 p\u00e9ld\u00e1nyra.<\/p>\n<h2>Mi t\u00f6rt\u00e9nik, ha nem tudok v\u00e1lasztani?<\/h2>\n<p>B\u00e1r erre nagyon kicsi az es\u00e9ly, m\u00e9gis el\u0151fordulhat. Ebben az esetben meg\u00e1llapod\u00e1s szerint vagy\u00a0 tesz\u00fcnk m\u00e9g egy k\u00eds\u00e9rletet \u00fajabb \u00f6t p\u00e9ld\u00e1nnyal, vagy lemond a rendel\u00e9sr\u0151l. Kock\u00e1zatot a rendel\u00e9ssel nem v\u00e1llalt, hiszen nek\u00fcnk kellett a v\u00e1laszt\u00e9kot \u00d6nh\u00f6z eljuttatni.\u00a0 A v\u00e1s\u00e1rl\u00f3nak nincs vesztenival\u00f3ja.<\/p>\n<h2>M\u00e1s fajt\u00e1kat is forgalmaznak?<\/h2>\n<p>Igen. Kaphat\u00f3 n\u00e1lunk m\u00e9g ez\u00fcst \u00e9s lucfeny\u0151 is.<\/p>\n<h2>Val\u00f3ban befaragj\u00e1k a kar\u00e1csonyf\u00e1mat?<\/h2>\n<p>A nagyobb f\u00e1k m\u00e1r el\u0151faragva \u00e9rkeznek, fut\u00e1runk pedig a helysz\u00ednen a talpba igaz\u00edtja a f\u00e1kat ig\u00e9ny szerint. \u00d6nnek ez\u00e9rt a szolg\u00e1ltat\u00e1s\u00e9rt nem kell fizetnie. A f\u00e1k \u00e1ra a kisz\u00e1ll\u00edt\u00e1st \u00e9s a farag\u00e1st is tartalmazza.<\/p>\n<h2>Csoportos megrendel\u00e9sn\u00e9l, hogy t\u00f6rt\u00e9nik az \u00e1rubemutat\u00e1s?<\/h2>\n<p>Fontos, hogy a megrendel\u00e9s id\u0151pontj\u00e1ban a v\u00e1s\u00e1rl\u00f3k a helysz\u00ednen legyenek.<br \/>\nHa p\u00e9ld\u00e1ul t\u00edzen adtak le rendel\u00e9st egy munkahelyen, akkor a megrendel\u0151k kettes\u00e9vel v\u00e1lasztj\u00e1k ki a megfelel\u0151 p\u00e9ld\u00e1nyt \u00e9s \u00edgy is fizetik ki a kedvezm\u00e9nyeket levonva.<br \/>\n\u00cdgy t\u00edz ember f\u00e9l-egy \u00f3ra alatt kiv\u00e1lasztja a megfelel\u0151 p\u00e9ld\u00e1nyokat \u00e9s m\u00e1r k\u00e9sz\u00fclhetnek is a kar\u00e1csonyra.<\/p>\n<h2>Csoportos rendel\u00e9sn\u00e9l is befaragj\u00e1k a f\u00e1t?<\/h2>\n<p>Igen. Csak egy a fontos, m\u00e9gpedig, hogy ne felejts\u00e9k otthon a talpat!<\/p>\n<p>Csapatunk els\u0151dleges c\u00e9lja a vev\u0151k maxim\u00e1lis el\u00e9gedetts\u00e9g\u00e9nek el\u00e9r\u00e9se. Feny\u0151f\u00e1inkat csak \u00e9s kiz\u00e1r\u00f3lag a helysz\u00ednen tudja kifizetni, akkor, mikor m\u00e1r kiv\u00e1lasztotta az \u00d6n sz\u00e1m\u00e1ra szimpatikus darabot. Bankk\u00e1rtya elfogad\u00e1s\u00e1ra sajnos nincs m\u00f3dunk, fizetni csakis k\u00e9szp\u00e9nzzel tud!<\/p>\n<h2>Telephely\u00fck\u00f6n van lehet\u0151s\u00e9gem kiv\u00e1lasztani a feny\u0151f\u00e1t?<\/h2>\n<p>Telephely\u00fcnk\u00f6n nincs \u00e9rt\u00e9kes\u00edt\u00e9s, ez\u00e9rt erre sajnos nincs lehet\u0151s\u00e9g.<\/p>\n<p>&nbsp;<\/p>\n","protected":false},"excerpt":{"rendered":"<p>Biztosan sz\u00e9p f\u00e1t fognak kisz\u00e1ll\u00edtani? Az sz\u00e9ps\u00e9g szubjekt\u00edv dolog, amivel mi is tiszt\u00e1ban vagyunk. \u00c9ppen ez\u00e9rt sz\u00e1ll\u00edtjuk a k\u00edn\u00e1latot a k\u00fcsz\u00f6b\u00e9re! Term\u00e9szetesen vannak olyan krit\u00e9riumok, amelyek minden f\u00e1nkat jellemzik. Ilyenek p\u00e9ld\u00e1ul az eg\u00e9szs\u00e9ges t\u0171levelek, s\u00f6t\u00e9tz\u00f6ld sz\u00edn, szimmetrikus forma. Persze ezen t\u00falmen\u0151en v\u00e1ltozhat az \u00edzl\u00e9s a s\u0171r\u0171s\u00e9get \u00e9s tereb\u00e9lyess\u00e9g\u00e9t illet\u0151en. Hogy ut\u00f3bbi szempontok szerint is megtal\u00e1lja [&hellip;]<\/p>\n","protected":false},"author":1,"featured_media":0,"parent":0,"menu_order":0,"comment_status":"closed","ping_status":"closed","template":"","meta":{"footnotes":""},"class_list":["post-14","page","type-page","status-publish","hentry"],"_links":{"self":[{"href":"https:\/\/karacsonyfa-vasar.hu\/english\/wp-json\/wp\/v2\/pages\/14","targetHints":{"allow":["GET"]}}],"collection":[{"href":"https:\/\/karacsonyfa-vasar.hu\/english\/wp-json\/wp\/v2\/pages"}],"about":[{"href":"https:\/\/karacsonyfa-vasar.hu\/english\/wp-json\/wp\/v2\/types\/page"}],"author":[{"embeddable":true,"href":"https:\/\/karacsonyfa-vasar.hu\/english\/wp-json\/wp\/v2\/users\/1"}],"replies":[{"embeddable":true,"href":"https:\/\/karacsonyfa-vasar.hu\/english\/wp-json\/wp\/v2\/comments?post=14"}],"version-history":[{"count":3,"href":"https:\/\/karacsonyfa-vasar.hu\/english\/wp-json\/wp\/v2\/pages\/14\/revisions"}],"predecessor-version":[{"id":17,"href":"https:\/\/karacsonyfa-vasar.hu\/english\/wp-json\/wp\/v2\/pages\/14\/revisions\/17"}],"wp:attachment":[{"href":"https:\/\/karacsonyfa-vasar.hu\/english\/wp-json\/wp\/v2\/media?parent=14"}],"curies":[{"name":"wp","href":"https:\/\/api.w.org\/{rel}","templated":true}]}}

Gyakran ismételt kérdések

<h2>Biztosan szép fát fognak kiszállítani?</h2>
<p>Az szépség szubjektív dolog, amivel mi is tisztában vagyunk. Éppen ezért szállítjuk a kínálatot a küszöbére! Természetesen vannak olyan kritériumok, amelyek minden fánkat jellemzik. Ilyenek például az egészséges tűlevelek, sötétzöld szín, szimmetrikus forma. Persze ezen túlmenően változhat az ízlés a sűrűséget és terebélyességét illetően. Hogy utóbbi szempontok szerint is megtalálja a megfelelő példányt, biztosítjuk vásárlóink számára a szükséges kínálatot.</p>
<h2>Hány fa közül tudok választani?</h2>
<p>Öt fa közül választhat, de mi bízunk benne, hogy már az első elnyeri tetszését!</p>
<h2>Mennyibe kerül a szállítás?</h2>
<p>A szállítás Budapest összes kerületébe ingyenes.</p>
<h2>Később is átvehetem a karácsonyfát?</h2>
<p>A megrendelést követően felhívjuk és rögzítjük a kiszállítás időpontját.<br />
Ez mindenképpen az Önnek megfelelő időpontban lesz.</p>
<h2>Lehet átutalással vagy bankkártyával fizetni?</h2>
<p>A készpénzes fizetési formát választottuk, mivel nem szeretnénk, hogy az ügyfeleink addig elkötelezzék magukat pénzügyileg, míg nincs kiválasztva a megfelelő karácsonyfa. Amint a szállítás és a választás megtörtént futárunknál egyenlítheti ki a számlát. Átutalásra és bankkártyás fizetésre nincs lehetőség.</p>
<h2>Más méretből is választhatok?</h2>
<p>Futárunk az Ön által online megrendelt méretekből biztosan rendelkezik majd választékkal.<br />
Ha mégis meggondolja magát a méretet tekintve a kollégánknál nagy valószínűséggel más méretekből is lesz példány, de erre garanciát nem tudunk vállalni.</p>
<h2>Fénykép alapján is választhatok?</h2>
<p>Nagyon megnehezítené az áru nyomon követését  a fényképes megoldás. Tapasztalatunk szerint az a legtisztább, ha az ügyfél a saját szemével választja ki az árut. A fák egyediek, így fontos, hogy mindenki bele tudjon szeretni a leendő karácsonyfájába.<br />
Aggódni nem kell, rá fog találni a megfelelő példányra.</p>
<h2>Mi történik, ha nem tudok választani?</h2>
<p>Bár erre nagyon kicsi az esély, mégis előfordulhat. Ebben az esetben megállapodás szerint vagy  teszünk még egy kísérletet újabb öt példánnyal, vagy lemond a rendelésről. Kockázatot a rendeléssel nem vállalt, hiszen nekünk kellett a választékot Önhöz eljuttatni.  A vásárlónak nincs vesztenivalója.</p>
<h2>Más fajtákat is forgalmaznak?</h2>
<p>Igen. Kapható nálunk még ezüst és lucfenyő is.</p>
<h2>Valóban befaragják a karácsonyfámat?</h2>
<p>A nagyobb fák már előfaragva érkeznek, futárunk pedig a helyszínen a talpba igazítja a fákat igény szerint. Önnek ezért a szolgáltatásért nem kell fizetnie. A fák ára a kiszállítást és a faragást is tartalmazza.</p>
<h2>Csoportos megrendelésnél, hogy történik az árubemutatás?</h2>
<p>Fontos, hogy a megrendelés időpontjában a vásárlók a helyszínen legyenek.<br />
Ha például tízen adtak le rendelést egy munkahelyen, akkor a megrendelők kettesével választják ki a megfelelő példányt és így is fizetik ki a kedvezményeket levonva.<br />
Így tíz ember fél-egy óra alatt kiválasztja a megfelelő példányokat és már készülhetnek is a karácsonyra.</p>
<h2>Csoportos rendelésnél is befaragják a fát?</h2>
<p>Igen. Csak egy a fontos, mégpedig, hogy ne felejtsék otthon a talpat!</p>
<p>Csapatunk elsődleges célja a vevők maximális elégedettségének elérése. Fenyőfáinkat csak és kizárólag a helyszínen tudja kifizetni, akkor, mikor már kiválasztotta az Ön számára szimpatikus darabot. Bankkártya elfogadására sajnos nincs módunk, fizetni csakis készpénzzel tud!</p>
<h2>Telephelyükön van lehetőségem kiválasztani a fenyőfát?</h2>
<p>Telephelyünkön nincs értékesítés, ezért erre sajnos nincs lehetőség.</p>
<p>&nbsp;</p>

<p>Biztosan szép fát fognak kiszállítani? Az szépség szubjektív dolog, amivel mi is tisztában vagyunk. Éppen ezért szállítjuk a kínálatot a küszöbére! Természetesen vannak olyan kritériumok, amelyek minden fánkat jellemzik. Ilyenek például az egészséges tűlevelek, sötétzöld szín, szimmetrikus forma. Persze ezen túlmenően változhat az ízlés a sűrűséget és terebélyességét illetően. Hogy utóbbi szempontok szerint is megtalálja [&hellip;]</p>
